{"id":23,"date":"2017-10-29T20:31:27","date_gmt":"2017-10-29T20:31:27","guid":{"rendered":"http:\/\/marisabenjamim.com\/?page_id=23"},"modified":"2024-12-18T10:47:46","modified_gmt":"2024-12-18T10:47:46","slug":"bio-cv","status":"publish","type":"page","link":"https:\/\/marisabenjamim.com\/pt\/bio-cv\/","title":{"rendered":"Bio | CV"},"content":{"rendered":"\t\t<div data-elementor-type=\"wp-post\" data-elementor-id=\"23\" class=\"elementor elementor-23\">\n\t\t\t\t\t\t<div class=\"elementor-inner\">\n\t\t\t\t<div class=\"elementor-section-wrap\">\n\t\t\t\t\t\t\t\t\t<section class=\"elementor-section elementor-top-section elementor-element elementor-element-4aaaf38 elementor-section-boxed elementor-section-height-default elementor-section-height-default\" data-id=\"4aaaf38\" data-element_type=\"section\">\n\t\t\t\t\t\t<div class=\"elementor-container elementor-column-gap-default\">\n\t\t\t\t\t\t\t<div class=\"elementor-row\">\n\t\t\t\t\t<div class=\"elementor-column elementor-col-100 elementor-top-column elementor-element elementor-element-8d0761d\" data-id=\"8d0761d\" data-element_type=\"column\">\n\t\t\t<div class=\"elementor-column-wrap elementor-element-populated\">\n\t\t\t\t\t\t\t<div class=\"elementor-widget-wrap\">\n\t\t\t\t\t\t<div class=\"elementor-element elementor-element-a1854f4 elementor-widget elementor-widget-text-editor\" data-id=\"a1854f4\" data-element_type=\"widget\" data-widget_type=\"text-editor.default\">\n\t\t\t\t<div class=\"elementor-widget-container\">\n\t\t\t\t\t\t\t\t<div class=\"elementor-text-editor elementor-clearfix\">\n\t\t\t\t<p>CV<\/p>\n<p><strong>Education<\/strong><\/p>\n<p>MA Art in Context UDK Berlin ( Germany)<br>Diploma Arts, ESAD, Caldas da Rainha (Portugal)<br>Bachelor Sculpture ESTGAD, Caldas da Rainha (Portugal)<\/p>\n<p><b><br><\/b><\/p>\n<p><b>Grants and Fellowships<\/b><\/p>\n<p>2021-22 Stiftungkunstfonds Bonn (DE)<\/p>\n<p>2021 Stiftung Kulturwerk der VG Bild-Kunst (DE)<\/p>\n<p>2018-19 Gulbenkian Foundation, visual arts (PT)<\/p>\n<p>2012 Land Art project for the Art center Lazzareto di Santa\u00b4Elia; Cagliary (IT)<\/p>\n<p>2011 Land Art project D\u00b4abord les For\u00eats, Centre d\u00b4art Laurentine; Haute-Marne (FR)<\/p>\n<p><b><br><\/b><\/p>\n<p><b>Solo exhibitions<span class=\"Apple-converted-space\">&nbsp;<\/span><\/b><\/p>\n<p>2024<span class=\"Apple-converted-space\">&nbsp; &nbsp; <\/span>Resilient gardens, VNBM Gallery, (PT)<\/p>\n<p>2022 Blumenstrau\u00df aus Saxdorf, Music Pavillon, Saxdorf (DE)<\/p>\n<p>2018 Floristaurant, Boqueria \u2013 Food Cultura, Barcelona (ES)<\/p>\n<p><b><br><\/b><\/p>\n<p><b>Public Interventions\/ Performances<\/b><\/p>\n<p>2024 <span class=\"Apple-converted-space\">&nbsp; &nbsp; <\/span>Tasting En Plein Air, Stiftung -St. Matth\u00e4us Berlin (DE)<\/p>\n<p>2023 Spritz &#8211; The Taste of Kulturforum Berlin (DE)<\/p>\n<p>2023 Tasting En Plein Air in Context of Baumschule project Kulturforum Berlin (DE)<\/p>\n<p>2018<span class=\"Apple-converted-space\">&nbsp; &nbsp; &nbsp; <\/span>Floristaurant, Central Market Riga in the Context of Riga internacional Biennial of contemporary art (LV)<\/p>\n<p>2019 Terreno,<span class=\"Apple-converted-space\">&nbsp; <\/span>Portuguese Embassy, Berlin, (DE)<\/p>\n<p><b><span class=\"Apple-converted-space\"><br><\/span><\/b><\/p>\n<p><b><span class=\"Apple-converted-space\">&nbsp;<\/span>Group exhibitions (selected)<\/b><\/p>\n<p>2024<span class=\"Apple-converted-space\">&nbsp; &nbsp; <\/span>RE:VISION \u2013 20 Jahre Kunstverein Tiergarten (DE)<\/p>\n<p>2024<span class=\"Apple-converted-space\">&nbsp; &nbsp; <\/span>\u00c9ter, VNBM Gallery (PT)<\/p>\n<p>2024<span class=\"Apple-converted-space\">&nbsp; &nbsp; <\/span>The Sense of Plants, Villa Merkel am Neckar, Esslingen (DE)<span class=\"Apple-converted-space\">&nbsp;<\/span><\/p>\n<p>2023<span class=\"Apple-converted-space\">&nbsp; &nbsp; <\/span>EKBO art, Stiftung St. Matth\u00e4us, Berlin (DE)<\/p>\n<p>2023<span class=\"Apple-converted-space\">&nbsp; &nbsp; <\/span>Spritz, Edible installation, CCA Berlin (DE)<\/p>\n<p>2023<span class=\"Apple-converted-space\">&nbsp; &nbsp; <\/span>101 -Ein Denkmal f\u00fcr einen Gefallen Baum, Landart Projekt Branitz &#8211; Bauen und Gestalten, F\u00fcrst-P\u00fcckler-Museum Park und Schloss Branitz (DE)<\/p>\n<p>2022 N\u00e3o toques nos objectos imediatos, Art Space Ad\u00e3es Bermudes, Alvito ( PT)<\/p>\n<p>2021 Eating flowers,<span class=\"Apple-converted-space\">&nbsp; <\/span>Commission for Yu\u0304gen project, Porto Design Biennale 2021 (PT)<\/p>\n<p>2020 Amuse-bouche.The Taste of Art, Tinguely Museum, Basel (CH)<\/p>\n<p>2019 Plant cure, Humanity Gallery at LIU, and Botanical Garden Brooklyn (US)<\/p>\n<p>2019 Eau Florale, Roskilde arts and activism, Roskilde (DK)<\/p>\n<p>2019 D\u00e9-jardiner, as<span class=\"Apple-converted-space\">&nbsp; <\/span>part of<span class=\"Apple-converted-space\">&nbsp; <\/span>\u201cRendez-vous im Garten\u201d program, g_und, Berlin, ( DE)<\/p>\n<p>2018 Everything Was Forever, Until It Was No More,<span class=\"Apple-converted-space\">&nbsp; <\/span>Riga internacional Biennial of contemporary art (LV)<\/p>\n<p>2018 Watch your Bubble!- Art and Science- in<span class=\"Apple-converted-space\">&nbsp; <\/span>Colaboration with Humbolt Universit\u00e4t e Einstein Foundation School of Mind and Brain,<span class=\"Apple-converted-space\">&nbsp; <\/span>Gallery Nord \u2013 Kunstverein Tiergarten, Berlim (DE)<span class=\"Apple-converted-space\">&nbsp;<\/span><\/p>\n<p>2017 24H Brl\/Wro, Ulica Ofiar Oswiecimskich 14, Wroclaw (PL)<\/p>\t\t\t\t\t<\/div>\n\t\t\t\t\t\t<\/div>\n\t\t\t\t<\/div>\n\t\t\t\t\t\t<\/div>\n\t\t\t\t\t<\/div>\n\t\t<\/div>\n\t\t\t\t\t\t\t\t<\/div>\n\t\t\t\t\t<\/div>\n\t\t<\/section>\n\t\t\t\t\t\t\t\t\t<\/div>\n\t\t\t<\/div>\n\t\t\t\t\t<\/div>\n\t\t","protected":false},"excerpt":{"rendered":"<p>CV Education MA Art in Context UDK Berlin ( Germany)Diploma Arts, ESAD, Caldas da Rainha (Portugal)Bachelor Sculpture ESTGAD, Caldas da Rainha (Portugal) Grants and Fellowships 2021-22 Stiftungkunstfonds Bonn (DE) 2021 Stiftung Kulturwerk der VG Bild-Kunst (DE) 2018-19 Gulbenkian Foundation, visual arts (PT) 2012 Land Art project for the Art center Lazzareto di Santa\u00b4Elia; Cagliary (IT) [&hellip;]<\/p>\n","protected":false},"author":1,"featured_media":0,"parent":0,"menu_order":0,"comment_status":"closed","ping_status":"closed","template":"","meta":[],"translation":{"provider":"WPGlobus","version":"2.10.7","language":"pt","enabled_languages":["en","pt"],"languages":{"en":{"title":true,"content":true,"excerpt":false},"pt":{"title":false,"content":false,"excerpt":false}}},"_links":{"self":[{"href":"https:\/\/marisabenjamim.com\/pt\/wp-json\/wp\/v2\/pages\/23"}],"collection":[{"href":"https:\/\/marisabenjamim.com\/pt\/wp-json\/wp\/v2\/pages"}],"about":[{"href":"https:\/\/marisabenjamim.com\/pt\/wp-json\/wp\/v2\/types\/page"}],"author":[{"embeddable":true,"href":"https:\/\/marisabenjamim.com\/pt\/wp-json\/wp\/v2\/users\/1"}],"replies":[{"embeddable":true,"href":"https:\/\/marisabenjamim.com\/pt\/wp-json\/wp\/v2\/comments?post=23"}],"version-history":[{"count":25,"href":"https:\/\/marisabenjamim.com\/pt\/wp-json\/wp\/v2\/pages\/23\/revisions"}],"predecessor-version":[{"id":1111,"href":"https:\/\/marisabenjamim.com\/pt\/wp-json\/wp\/v2\/pages\/23\/revisions\/1111"}],"wp:attachment":[{"href":"https:\/\/marisabenjamim.com\/pt\/wp-json\/wp\/v2\/media?parent=23"}],"curies":[{"name":"wp","href":"https:\/\/api.w.org\/{rel}","templated":true}]}}

<div data-elementor-type="wp-post" data-elementor-id="23" class="elementor elementor-23">
						<div class="elementor-inner">
				<div class="elementor-section-wrap">
									<section class="elementor-section elementor-top-section elementor-element elementor-element-4aaaf38 elementor-section-boxed elementor-section-height-default elementor-section-height-default" data-id="4aaaf38" data-element_type="section">
						<div class="elementor-container elementor-column-gap-default">
							<div class="elementor-row">
					<div class="elementor-column elementor-col-100 elementor-top-column elementor-element elementor-element-8d0761d" data-id="8d0761d" data-element_type="column">
			<div class="elementor-column-wrap elementor-element-populated">
							<div class="elementor-widget-wrap">
						<div class="elementor-element elementor-element-a1854f4 elementor-widget elementor-widget-text-editor" data-id="a1854f4" data-element_type="widget" data-widget_type="text-editor.default">
				<div class="elementor-widget-container">
								<div class="elementor-text-editor elementor-clearfix">
				<p>CV</p>
<p><strong>Education</strong></p>
<p>MA Art in Context UDK Berlin ( Germany)<br>Diploma Arts, ESAD, Caldas da Rainha (Portugal)<br>Bachelor Sculpture ESTGAD, Caldas da Rainha (Portugal)</p>
<p><b><br></b></p>
<p><b>Grants and Fellowships</b></p>
<p>2021-22 Stiftungkunstfonds Bonn (DE)</p>
<p>2021 Stiftung Kulturwerk der VG Bild-Kunst (DE)</p>
<p>2018-19 Gulbenkian Foundation, visual arts (PT)</p>
<p>2012 Land Art project for the Art center Lazzareto di Santa´Elia; Cagliary (IT)</p>
<p>2011 Land Art project D´abord les Forêts, Centre d´art Laurentine; Haute-Marne (FR)</p>
<p><b><br></b></p>
<p><b>Solo exhibitions<span class="Apple-converted-space">&nbsp;</span></b></p>
<p>2024<span class="Apple-converted-space">&nbsp; &nbsp; </span>Resilient gardens, VNBM Gallery, (PT)</p>
<p>2022 Blumenstrauß aus Saxdorf, Music Pavillon, Saxdorf (DE)</p>
<p>2018 Floristaurant, Boqueria – Food Cultura, Barcelona (ES)</p>
<p><b><br></b></p>
<p><b>Public Interventions/ Performances</b></p>
<p>2024 <span class="Apple-converted-space">&nbsp; &nbsp; </span>Tasting En Plein Air, Stiftung -St. Matthäus Berlin (DE)</p>
<p>2023 Spritz &#8211; The Taste of Kulturforum Berlin (DE)</p>
<p>2023 Tasting En Plein Air in Context of Baumschule project Kulturforum Berlin (DE)</p>
<p>2018<span class="Apple-converted-space">&nbsp; &nbsp; &nbsp; </span>Floristaurant, Central Market Riga in the Context of Riga internacional Biennial of contemporary art (LV)</p>
<p>2019 Terreno,<span class="Apple-converted-space">&nbsp; </span>Portuguese Embassy, Berlin, (DE)</p>
<p><b><span class="Apple-converted-space"><br></span></b></p>
<p><b><span class="Apple-converted-space">&nbsp;</span>Group exhibitions (selected)</b></p>
<p>2024<span class="Apple-converted-space">&nbsp; &nbsp; </span>RE:VISION – 20 Jahre Kunstverein Tiergarten (DE)</p>
<p>2024<span class="Apple-converted-space">&nbsp; &nbsp; </span>Éter, VNBM Gallery (PT)</p>
<p>2024<span class="Apple-converted-space">&nbsp; &nbsp; </span>The Sense of Plants, Villa Merkel am Neckar, Esslingen (DE)<span class="Apple-converted-space">&nbsp;</span></p>
<p>2023<span class="Apple-converted-space">&nbsp; &nbsp; </span>EKBO art, Stiftung St. Matthäus, Berlin (DE)</p>
<p>2023<span class="Apple-converted-space">&nbsp; &nbsp; </span>Spritz, Edible installation, CCA Berlin (DE)</p>
<p>2023<span class="Apple-converted-space">&nbsp; &nbsp; </span>101 -Ein Denkmal für einen Gefallen Baum, Landart Projekt Branitz &#8211; Bauen und Gestalten, Fürst-Pückler-Museum Park und Schloss Branitz (DE)</p>
<p>2022 Não toques nos objectos imediatos, Art Space Adães Bermudes, Alvito ( PT)</p>
<p>2021 Eating flowers,<span class="Apple-converted-space">&nbsp; </span>Commission for Yūgen project, Porto Design Biennale 2021 (PT)</p>
<p>2020 Amuse-bouche.The Taste of Art, Tinguely Museum, Basel (CH)</p>
<p>2019 Plant cure, Humanity Gallery at LIU, and Botanical Garden Brooklyn (US)</p>
<p>2019 Eau Florale, Roskilde arts and activism, Roskilde (DK)</p>
<p>2019 Dé-jardiner, as<span class="Apple-converted-space">&nbsp; </span>part of<span class="Apple-converted-space">&nbsp; </span>“Rendez-vous im Garten” program, g_und, Berlin, ( DE)</p>
<p>2018 Everything Was Forever, Until It Was No More,<span class="Apple-converted-space">&nbsp; </span>Riga internacional Biennial of contemporary art (LV)</p>
<p>2018 Watch your Bubble!- Art and Science- in<span class="Apple-converted-space">&nbsp; </span>Colaboration with Humbolt Universität e Einstein Foundation School of Mind and Brain,<span class="Apple-converted-space">&nbsp; </span>Gallery Nord – Kunstverein Tiergarten, Berlim (DE)<span class="Apple-converted-space">&nbsp;</span></p>
<p>2017 24H Brl/Wro, Ulica Ofiar Oswiecimskich 14, Wroclaw (PL)</p>					</div>
						</div>
				</div>
						</div>
					</div>
		</div>
								</div>
					</div>
		</section>
									</div>
			</div>
					</div>
